e -8*w + 4*w = 0. Suppose 0 = m - 3*f - w*f - 18, -4*f - 20 = 0. Is m prime?
True
Let c(h) = -h**2 - 8*h + 9. Let q be c(-9). Suppose q = 2*i - 39 - 29. Is i a prime number?
False
Let d = 496 - 245. Is d a prime number?
True
Let n(k) = -21*k + 2. Let s(t) = -20*t + 1. Let o(j) = -4*n(j) + 5*s(j). Is o(-6) a composite number?
True
Let k = -11 + 26. Let s be 2 + (-1)/((-3)/k). Is (27/3)/3*s prime?
False
Let g(b) = -78*b - 7. Is g(-2) composite?
False
Let q(s) = 2*s - 2. Let o be q(3). Let l(t) = 17*t - 9. Is l(o) a prime number?
True
Let d(c) = -7*c**2 + 9*c - 15. Let k(u) = 3*u**2 - 5*u + 7. Let h(y) = 2*d(y) + 5*k(y). Let f be h(6). Let o(n) = -7*n. Is o(f) a composite number?
False
Suppose 5*z - 642 - 1138 = 0. Let r = -147 + z. Is r a composite number?
True
Let d be 4/(-14) - (-280)/(-49). Is (1678 - 0)*(-3)/d composite?
False
Let d = -686 + 1317. Is d prime?
True
Let s = -19 + 22. Suppose 4*z - 4 = 4*x, -4*z + 1 = 2*x - 3*z. Suppose x = s*i - 42 - 15. Is i prime?
True
Suppose -2*s + 125 = -131. Let i = s - 75. Is i prime?
True
Let y be ((-6)/(-5))/(6/20). Suppose 0*s = y*s - 36. Is (106/6)/(3/s) composite?
False
Let u = 3206 + -769. Is u prime?
True
Let m(c) = -301*c**3 + c**2 - 1. Is m(-1) composite?
True
Let z = -35 - -366. Suppose 4*i = -5*d + z, 3*i + 5*d + 33 = 275. Is i a composite number?
False
Suppose 6*m = m + 10. Suppose -a + m = 2*w, 0 = 5*w + 20. Is a composite?
True
Let v be 2 - 3 - -1 - 3. Let m = v - -3. Suppose 5*r + m*d + d = 72, -2*d + 39 = 3*r. Is r composite?
True
Let d(k) = -k**2 + 11*k + 3. Let i be (-6)/((-2)/1)*2. Is d(i) composite?
True
Suppose -2*g = 3*g - 15. Suppose -k + 2*k = j + 5, -g*k + 15 = 5*j. Suppose j = -5*d + 36 + 34. Is d a composite number?
True
Let d = 3 - -2. Let v be ((-12)/15)/((-1)/d). Suppose 5*w = 3*b - 0*b + 61, 4*w - 68 = -v*b. Is w composite?
True
Let t(f) = -5624*f**3 - f**2. Is t(-1) a prime number?
True
Let k = 19 - -778. Is k composite?
False
Let i be 6/(-4)*(-16)/(-24). Is (i - 48/9)*-3 prime?
True
Let v be -57 + 2 + 1/(-1). Let l = v - -184. Let d = l - 85. Is d a prime number?
True
Let r(v) = v - 1. Let t(n) = -7*n**2 - 3*n. Let q(p) = -2*r(p) + t(p). Let j(w) be the first derivative of q(w). Is j(-5) prime?
False
Let q = 19 + -7. Suppose 0*x + 3*x = q. Let a(k) = 4*k**2 + 1. Is a(x) prime?
False
Let n(l) = -l**2 - 2*l. Let t be n(-2). Suppose 5*a = 2*y + 72, t = 3*a - 2*y - 44. Is a composite?
True
Suppose d = 5, 0*d - 23 = -s - 3*d. Suppose -s - 7 = -5*j. Suppose b = w - 127, -j*b + 343 = 4*w - 165. Is w a composite number?
False
Suppose 36 = 2*m - 6*m. Let p(c) = -25*c + 10. Is p(m) composite?
True
Let c = -306 - -122. Let m = 362 + c. Is m a prime number?
False
Let h(o) be the second derivative of 67*o**6/360 - o**5/120 + o**4/24 - o**3/3 - o. Let d(s) be the second derivative of h(s). Is d(1) prime?
True
Let l(q) be the second derivative of -q**5/20 - q**4/12 + 5*q**3/6 + q**2 - 2*q. Let g be l(-3). Suppose -g*n + 141 = -2*n. Is n composite?
False
Let w(g) = 573*g. Let j be w(2). Let s = j + -589. Is s a composite number?
False
Suppose 19*o - 17*o = 2158. Is o prime?
False
Is (-10892)/(-6)*(-21)/(-14) a prime number?
False
Let j(i) = 3*i**3 + 4*i**2 - 3 + 5*i + 2*i**3 - 6*i**3. Let c be j(4). Suppose t - c = -3*v - v, -5*t + 10 = -5*v. Is v prime?
True
Let q(m) = -m**3 - 7*m**2 - m - 2. Let c be q(-7). Suppose -c*x + 371 = -459. Is x a prime number?
False
Let x(h) = 178*h**3 + 2*h**2 - 1. Let p be x(1). Suppose -j + 22 = -5*s - 151, j - p = 3*s. Suppose -5*n + n + j = 0. Is n a composite number?
False
Suppose 4*i + 894 - 346 = 2*l, -2*i = -2*l + 546. Suppose -3*r = -1517 + l. Is r a composite number?
True
Suppose -339 = -v - 4*v - 2*f, -v + 5*f + 57 = 0. Is v a composite number?
False
Suppose -b + 13 = -2. Let s = 11 - b. Is (446/s)/((-1)/2) a prime number?
True
Suppose 0 = -0*k + 2*k + 4*g - 310, g = 3. Is k prime?
True
Let l = 15 - 7. Is (l/12)/(2/33) prime?
True
Is (-5 + -1034)*(1 - 2) composite?
False
Let f = -10 + 15. Suppose f*y - 86 = -2*w, -7*w - y + 208 = -3*w. Is w a composite number?
False
Is ((-2)/4)/(2/(-188)) a composite number?
False
Is ((-2)/(-6))/(2/2622) composite?
True
Let h = 4 - 2. Suppose 0 = -5*a + 2*l - 7, -3*a + h*l + 0 = 1. Let w(n) = -4*n + 3. Is w(a) a prime number?
False
Suppose v = 0, -v = -5*m + 4*v + 3535. Is m composite?
True
Let m = 1 - -9. Let v = 73 + m. Is v prime?
True
Let z = -387 - -1306. Is z prime?
True
Let k(v) = -v**2 + 2*v + 3. Let t be k(3). Suppose 4*r = -s + 18, 2*r + 12 = -2*s + 6*r. Suppose -10 = -u - 2*o + 3, t = 2*o + s. Is u a prime number?
False
Suppose -4*x = -x - 2*j - 5693, 3*x - j - 5698 = 0. Is x prime?
True
Let p(i) = -i**2 - 4*i + 4. Let x be 33/(-6) + 2/4. Let f be p(x). Is 312/9 - f/3 composite?
True
Let m be 27/6 - (-2)/4. Suppose -2*f + 100 = m*j - f, -f - 26 = -j. Is j composite?
True
Suppose -m + 8726 = 4*m - j, 3*m = 5*j + 5218. Suppose -3*l - 3*b = -m, 2*l - b + 2*b = 1159. Is l a composite number?
False
Suppose t + 3*u - 1028 = 0, -1047 + 5199 = 4*t + 4*u. Is t a prime number?
False
Suppose 2*s = -m - 3541, -4*s + 0*s + 17649 = -5*m. Let x = -1422 - m. Is x prime?
True
Let a = 660 + -152. Is (-8)/(-32)*a*1 a composite number?
False
Let y(b) be the first derivative of 26*b**3/3 + b**2/2 + 3*b + 4. Is y(2) a composite number?
False
Let i be (-41 - (0 - 0))*-1. Suppose 5*n + i = -4*m + 3*m, 5*n - 37 = 2*m. Let j = -13 - m. Is j prime?
True
Suppose 3*t + 87 = 4*h, -4*h = 4*t - 3*h + 97. Let d be (-38)/10 - (-5)/t. Is (-780)/(-16) + (-1)/d a composite number?
True
Suppose -4*h + 414 = -206. Is h composite?
True
Let k(h) = 2*h**2 + 4*h - 9. Let z be 0 - 8/(-6)*-6. Let t be k(z). Suppose -3*p + t = -66. Is p composite?
True
Let u(w) = -2*w**2 + 5*w + 2. Let y be u(8). Let j = y + 175. Is j a prime number?
True
Is 4/(-18) - (-38979)/81 a prime number?
False
Suppose 2*j + 3*j + 690 = 0. Let t = -78 - j. Suppose z + 13 = t. Is z prime?
True
Suppose 4*d + 3*t + 457 = 0, -5*t = -5*d - 843 + 228. Let h = -49 - d. Is h a prime number?
False
Let u(n) be the second derivative of 5*n**3/6 - n**2/2 - 2*n. Let j be u(1). Suppose t - w = 147 - 24, 520 = j*t + 3*w. Is t a prime number?
True
Suppose -d = -4*v, 2*d = v + 2*v. Suppose 0 = -n - 3*n - 20, 0 = -3*l + 5*n + 31. Is 94/l - (0 + v) a composite number?
False
Suppose -153 = 5*i - 1088. Is i a composite number?
True
Let k(r) = r + 295. Let o be k(0). Is (o/3)/((-10)/(-30)) prime?
False
Let q = 99 - 30. Let s = 190 + q. Is s composite?
True
Is (-14)/(-4 + (-170)/(-43)) prime?
False
Is ((-307)/3)/(6/(-18)) a composite number?
False
Let s(h) = -3*h**3 + 11*h**2 + 2*h - 7. Let k(x) = x**3 - x**2 + x. Let a(o) = 2*k(o) + s(o). Is a(5) a composite number?
False
Suppose -2*q - 36 = 6*o - 2*o, -5*o - 46 = 2*q. Let v be (60/(-8))/(1/o). Let x = v - 22. Is x a composite number?
False
Suppose 3*s + 2*k - k - 44 = 0, -26 = -2*s + k. Is s a prime number?
False
Suppose -3*u = -4*m + 64, -4*m + u + 82 = 10. Suppose 4*t - 74 = 5*i, 5*i - 3*t = -57 - 16. Let j = m - i. Is j a composite number?
True
Let c = -10 + 4. Let p be (-142)/c - 6/9. Suppose 39 = 2*n - p. Is n a composite number?
False
Let w = 6 - 2. Let h be (-1 + 38)*(4 + -3). Suppose 0 = w*a - 39 - h. Is a a prime number?
True
Suppose 5*u - 3*k + 15 - 41 = 0, 0 = 3*u - k - 14. Suppose -2*m = u*m - 858. Is m a composite number?
True
Suppose 4*v + 2*z = -z - 5, -4*v + 4*z - 12 = 0. Let n be v/(-4) - 3/6. Suppose -3*a + 4*d + 293 = n, -2*a - 2*d + 5*d = -197. Is a a composite number?
True
Let s(o) = -o**2 + 9*o + 2. Let v be s(8). Suppose 3*f + 1 = v. Suppose 220 = n + f*n. Is n a prime number?
False
Let t = -4 - -7. Suppose -6*j = -t*j + 9, -5*y - 5*j + 380 = 0. Is y prime?
True
Suppose 0 = -3*l - 0*a + 4*a - 524, 3*l = a - 536. Let q = l + 265. Is q composite?
True
Suppose 3*u - 19 = 362. Is u a prime number?
True
Let p(z) = -z**3 + 12*z**2 - 12*z + 5. Let a be p(11). Is (-459)/(-6)*(-4)/a a prime number?
False
Suppose 0 = -3*a - 45 - 6. Let g = 89 + a. Let n = g - 35. Is n a prime number?
True
Is (-2 - -1) + -4 + 136 a prime number?
True
Let u(x) = x. Let p be u(2). Let k be 2 - (113/(-1))/(-1). Is (-1)/(6/k)*p a prime number?
True
Suppose -5*c - 196 = -3*c - h, -c - 3*h = 98. Let z = -5 - c. Is z composite?
True
Let o(u) = u**2 +